{"id":990,"date":"2021-11-26T13:24:07","date_gmt":"2021-11-26T13:24:07","guid":{"rendered":"http:\/\/www.museolacavada.es\/?page_id=990"},"modified":"2022-03-23T22:44:34","modified_gmt":"2022-03-23T22:44:34","slug":"configuracion-de-cookies","status":"publish","type":"page","link":"https:\/\/www.museolacavada.es\/index.php\/configuracion-de-cookies\/","title":{"rendered":"CONFIGURACI\u00d3N DE COOKIES"},"content":{"rendered":"\n<p><\/p>\n\n\n\n<p>COOKIES T\u00c9CNICAS NECESARIAS<br>Para que nuestra p\u00e1gina web pueda funcionar. Activadas por defecto.<\/p>\n\n\n\n<p>Las cookies t\u00e9cnicas son estrictamente<br>necesarias para que nuestra p\u00e1gina web<br>funcione y puedas navegar por la misma. Este<br>tipo de cookies son las que, por ejemplo, nos<br>permiten identificarte, darte acceso a<br>determinadas partes restringidas de la p\u00e1gina si<br>fuese necesario, o recordar diferentes opciones<br>o servicios ya seleccionados por ti, como tus<br>preferencias de privacidad. Por ello, est\u00e1n<br>activadas por defecto, no siendo necesaria tu<br>autorizaci\u00f3n al respecto.<br>A trav\u00e9s de la configuraci\u00f3n de tu navegador,<br>puedes bloquear o alertar de la presencia de<br>este tipo de cookies, si bien dicho bloqueo<br>afectar\u00e1 al correcto funcionamiento de las<br>distintas funcionalidades de nuestra p\u00e1gina<br>web.<\/p>\n\n\n\n<p>ACTIVADAS POR DEFECTO<\/p>\n\n\n\n<p>COOKIES DE AN\u00c1LISIS<br>Para la mejora continua de<br>nuestra p\u00e1gina web. Puedes<br>activarlas o desactivarlas.Las cookies de an\u00e1lisis nos permiten estudiar la<br>navegaci\u00f3n de los usuarios de nuestra p\u00e1gina<br>web en general (por ejemplo, qu\u00e9 secciones de<br>la p\u00e1gina son las m\u00e1s visitadas, qu\u00e9 servicios se<br>usan m\u00e1s y si funcionan correctamente, etc.).<br>A partir de la informaci\u00f3n estad\u00edstica sobre la<br>navegaci\u00f3n en nuestra p\u00e1gina web, podemos<br>mejorar tanto el propio funcionamiento de la<br>p\u00e1gina como los distintos servicios que ofrece.<br>Por tanto, estas cookies no tienen una finalidad<br>publicitaria, sino que \u00fanicamente sirven para<br>que nuestra p\u00e1gina web funcione mejor,<br>adapt\u00e1ndose a nuestros usuarios en general.<br>Activ\u00e1ndolas contribuir\u00e1s a dicha mejora<br>continua.<br>Puedes activar o desactivar estas cookies<br>marcando la casilla correspondiente, estando<br>desactivadas por defecto.<\/p>\n\n\n\n<p>Pol\u00edtica de Protecci\u00f3n de Datos \/ Pol\u00edtica de Cookies<\/p>\n\n\n\n<p>COOKIES DE FUNCIONALIDAD Y PERSONALIZACI\u00d3N<br>Para mejorar la funcionalidad<br>y personalizaci\u00f3n de nuestra<br>p\u00e1gina web en base a tus<br>preferencias. Puedes<br>activarlas o desactivarlas.<\/p>\n\n\n\n<p>Las cookies de funcionalidad nos permiten<br>recordar tus preferencias, para personalizar a tu<br>medida determinadas caracter\u00edsticas y opciones<br>generales de nuestra p\u00e1gina web, cada vez que<br>accedas a la misma (por ejemplo, el idioma en<br>que se te presenta la informaci\u00f3n, las secciones<br>marcadas como favoritas, tu tipo de navegador,<br>etc.).<br>Por tanto, este tipo de cookies no tienen una<br>finalidad publicitaria, sino que activ\u00e1ndolas<br>mejorar\u00e1s la funcionalidad de la p\u00e1gina web<br>(por ejemplo, adapt\u00e1ndose a tu tipo de<br>navegador) y la personalizaci\u00f3n de la misma en<br>base a tus preferencias (por ejemplo,<br>presentando la informaci\u00f3n en el idioma que<br>hayas escogido en anteriores ocasiones), lo cual<br>contribuir\u00e1 a la facilidad, usabilidad y<br>comodidad de nuestra p\u00e1gina durante tu<br>navegaci\u00f3n.<br>Puedes activar o desactivar estas cookies<br>marcando la casilla correspondiente, estando<br>desactivadas por defecto.<\/p>\n\n\n\n<p><\/p>\n\n\n\n<p>COOKIES DE PUBLICIDAD<br>Para mejorar la gesti\u00f3n de la<br>publicidad mostrada en<br>nuestra p\u00e1gina web, a fin de<br>que sea m\u00e1s \u00fatil y diversa, y<br>menos repetitiva. Puedes<br>activarlas o desactivarlas.<br><\/p>\n\n\n\n<p>Las cookies de publicidad nos permiten la<br>gesti\u00f3n de los espacios publicitarios incluidos en<br>nuestra p\u00e1gina web en base a criterios como el<br>contenido mostrado o la frecuencia en la que se<br>muestran los anuncios.<br>As\u00ed por ejemplo, si se te ha mostrado varias<br>veces un mismo anuncio en nuestra p\u00e1gina web,<br>y no has mostrado un inter\u00e9s personal haciendo<br>clic sobre \u00e9l, este no volver\u00e1 a aparecer. En<br>resumen, activando este tipo de cookies, la<br>publicidad mostrada en nuestra p\u00e1gina web ser\u00e1<br>m\u00e1s \u00fatil y diversa, y menos repetitiva.<br>Puedes activar o desactivar estas cookies<br>marcando la casilla correspondiente, estando<br>desactivadas por defecto.<\/p>\n\n\n\n<p>COOKIES DE PUBLICIDAD COMPORTAMENTAL<br>Para mostrarte publicidad<br>ajustada a tus b\u00fasquedas,<br>gustos e intereses personales.<br>Puedes activarlas o<br>desactivarlas.<br>(Pincha para desplegar m\u00e1s<br>informaci\u00f3n)<\/p>\n\n\n\n<p>Las cookies de publicidad comportamental nos<br>permiten obtener informaci\u00f3n basada en la<br>observaci\u00f3n de tus h\u00e1bitos y comportamientos<br>de navegaci\u00f3n en la web, a fin de poder<br>mostrarte contenidos publicitarios que se<br>ajusten mejor a tus gustos e intereses<br>personales.<br>Para que lo entiendas de manera muy sencilla,<br>te pondremos un ejemplo ficticio: si tus \u00faltimas<br>b\u00fasquedas en la web estuviesen relacionadas<br>con literatura de suspense, te mostrar\u00edamos<br>publicidad sobre libros de suspense.<\/p>\n\n\n\n<p>Pol\u00edtica de Protecci\u00f3n de Datos \/ Pol\u00edtica de Cookies<br>Por tanto, activando este tipo de cookies, la<br>publicidad que te mostremos en nuestra p\u00e1gina<br>web no ser\u00e1 gen\u00e9rica, sino que estar\u00e1 orientada<br>a tus b\u00fasquedas, gustos e intereses, ajust\u00e1ndose<br>por tanto exclusivamente a ti.<br>Puedes activar o desactivar estas cookies<br>marcando la casilla correspondiente, estando<br>desactivadas por defecto.<br><\/p>\n\n\n\n<p>COOKIES T\u00c9CNICAS NECESARIAS<br>Para que nuestra p\u00e1gina web<br>pueda funcionar. Activadas<br>por defecto.<\/p>\n\n\n\n<p>Las cookies de an\u00e1lisis nos permiten estudiar la<br>navegaci\u00f3n de los usuarios de nuestra p\u00e1gina<br>web en general (por ejemplo, qu\u00e9 secciones de<br>la p\u00e1gina son las m\u00e1s visitadas, qu\u00e9 servicios se<br>usan m\u00e1s y si funcionan correctamente, etc.).<br>A partir de la informaci\u00f3n estad\u00edstica sobre la<br>navegaci\u00f3n en nuestra p\u00e1gina web, podemos<br>mejorar tanto el propio funcionamiento de la<br>p\u00e1gina como los distintos servicios que ofrece.<br>Por tanto, estas cookies no tienen una finalidad<br>publicitaria, sino que \u00fanicamente sirven para<br>que nuestra p\u00e1gina web funcione mejor,<br>adapt\u00e1ndose a nuestros usuarios en general.<br>Activ\u00e1ndolas contribuir\u00e1s a dicha mejora<br>continua.<br>Puedes activar o desactivar estas cookies<br>marcando la casilla correspondiente, estando<br>desactivadas por defecto.<\/p>\n\n\n\n<p><\/p>\n\n\n\n<p>COOKIES DE AN\u00c1LISIS<br>Para la mejora continua de<br>nuestra p\u00e1gina web. Puedes<br>activarlas o desactivarlas.<br>(Pincha para desplegar m\u00e1s<br>informaci\u00f3n)<br>COOKIES DE FUNCIONALIDAD Y PERSONALIZACI\u00d3N<br>Para mejorar la funcionalidad<br>y personalizaci\u00f3n de nuestra<br>p\u00e1gina web en base a tus<br>preferencias. Puedes<br>activarlas o desactivarlas.<br>(Pincha para desplegar m\u00e1s<br>informaci\u00f3n)<br>COOKIES DE PUBLICIDAD<br>Para mejorar la gesti\u00f3n de la<br>publicidad mostrada en<br>nuestra p\u00e1gina web, a fin de<br>que sea m\u00e1s \u00fatil y diversa, y<br>menos repetitiva. Puedes<br>activarlas o desactivarlas.<br>(Pincha para desplegar m\u00e1s<br>informaci\u00f3n)<br>COOKIES DE PUBLICIDAD<\/p>\n\n\n\n<p><\/p>\n\n\n\n<p>Pol\u00edtica de Protecci\u00f3n de Datos \/ Pol\u00edtica de Cookies<\/p>\n\n\n\n<p>COMPORTAMENTAL<br>Para mostrarte publicidad<br>ajustada a tus b\u00fasquedas,<br>gustos e intereses personales.<br>Puedes activarlas o<br>desactivarlas.<br>(Pincha para desplegar m\u00e1s<br>informaci\u00f3n)<\/p>\n\n\n\n<p><\/p>\n","protected":false},"excerpt":{"rendered":"<p>COOKIES T\u00c9CNICAS NECESARIASPara que nuestra p\u00e1gina web pueda funcionar. Activadas por defecto. Las cookies t\u00e9cnicas son estrictamentenecesarias para que nuestra p\u00e1gina webfuncione y puedas navegar por la misma. Estetipo de cookies son las que, por ejemplo, nospermiten identificarte, darte acceso adeterminadas partes restringidas de la p\u00e1gina sifuese necesario, o recordar diferentes opcioneso servicios ya seleccionados [&hellip;]<\/p>\n","protected":false},"author":1,"featured_media":0,"parent":0,"menu_order":0,"comment_status":"closed","ping_status":"closed","template":"","meta":{"footnotes":""},"class_list":["post-990","page","type-page","status-publish","hentry"],"_links":{"self":[{"href":"https:\/\/www.museolacavada.es\/index.php\/wp-json\/wp\/v2\/pages\/990","targetHints":{"allow":["GET"]}}],"collection":[{"href":"https:\/\/www.museolacavada.es\/index.php\/wp-json\/wp\/v2\/pages"}],"about":[{"href":"https:\/\/www.museolacavada.es\/index.php\/wp-json\/wp\/v2\/types\/page"}],"author":[{"embeddable":true,"href":"https:\/\/www.museolacavada.es\/index.php\/wp-json\/wp\/v2\/users\/1"}],"replies":[{"embeddable":true,"href":"https:\/\/www.museolacavada.es\/index.php\/wp-json\/wp\/v2\/comments?post=990"}],"version-history":[{"count":4,"href":"https:\/\/www.museolacavada.es\/index.php\/wp-json\/wp\/v2\/pages\/990\/revisions"}],"predecessor-version":[{"id":1040,"href":"https:\/\/www.museolacavada.es\/index.php\/wp-json\/wp\/v2\/pages\/990\/revisions\/1040"}],"wp:attachment":[{"href":"https:\/\/www.museolacavada.es\/index.php\/wp-json\/wp\/v2\/media?parent=990"}],"curies":[{"name":"wp","href":"https:\/\/api.w.org\/{rel}","templated":true}]}}