{"id":79,"date":"2021-07-19T19:41:43","date_gmt":"2021-07-19T19:41:43","guid":{"rendered":"http:\/\/www.museolacavada.es\/?page_id=79"},"modified":"2025-04-17T16:17:04","modified_gmt":"2025-04-17T16:17:04","slug":"un-museo-en-la-cavada","status":"publish","type":"page","link":"https:\/\/www.museolacavada.es\/index.php\/un-museo-en-la-cavada\/","title":{"rendered":"Un Museo en La Cavada"},"content":{"rendered":"\n<div class=\"wp-block-columns is-layout-flex wp-container-core-columns-is-layout-9d6595d7 wp-block-columns-is-layout-flex\">\n<div class=\"wp-block-column is-layout-flow wp-block-column-is-layout-flow\"><\/div>\n\n\n\n<div class=\"wp-block-column is-layout-flow wp-block-column-is-layout-flow\"><\/div>\n<\/div>\n\n\n\n<figure class=\"wp-block-embed is-type-video is-provider-youtube wp-block-embed-youtube wp-embed-aspect-16-9 wp-has-aspect-ratio\"><div class=\"wp-block-embed__wrapper\">\n<iframe loading=\"lazy\" title=\"Bienvenidos al Museo de la Real F\u00e1brica de Artiller\u00eda de La Cavada\" width=\"500\" height=\"281\" src=\"https:\/\/www.youtube.com\/embed\/Q0a0MxBa08A?feature=oembed\" frameborder=\"0\" allow=\"accelerometer; autoplay; clipboard-write; encrypted-media; gyroscope; picture-in-picture; web-share\" referrerpolicy=\"strict-origin-when-cross-origin\" allowfullscreen><\/iframe>\n<\/div><\/figure>\n\n\n\n<p class=\"has-text-align-left\">El Museo est\u00e1&nbsp;situado en el pueblo de&nbsp;<strong>La Cavada<\/strong>, en el municipio de Riotuerto en Cantabria.<\/p>\n\n\n\n<p class=\"has-text-align-left\">En su interior alberga toda la informaci\u00f3n sobre lo que supuso la instalaci\u00f3n de esta industria, la <strong>Real F\u00e1brica de Artiller\u00eda<\/strong>.<\/p>\n\n\n\n<p class=\"has-text-align-left\">Su discurso expositivo, de sencilla comprensi\u00f3n y muy bien ilustrado, sorprender\u00e1 a todos los que se acerquen a visitar el&nbsp;<strong>Museo de la Real F\u00e1brica de Artiller\u00eda&nbsp;de La Cavada<\/strong>.<\/p>\n\n\n\n<p class=\"has-text-align-left\">Hay que destacar la maqueta que se encuentra en su interior y que representa el recinto amurallado y dependencias de esta instalaci\u00f3n en su estado original, y del que actualmente se conservan elementos distribuidos por el pueblo de La Cavada.<\/p>\n\n\n\n<figure class=\"wp-block-image size-large\"><img loading=\"lazy\" decoding=\"async\" width=\"1024\" height=\"440\" src=\"http:\/\/www.museolacavada.es\/wp-content\/uploads\/2021\/09\/1630273293052-scaled-e1630876516174-1024x440.jpg\" alt=\"\" class=\"wp-image-904\" srcset=\"https:\/\/www.museolacavada.es\/wp-content\/uploads\/2021\/09\/1630273293052-scaled-e1630876516174-1024x440.jpg 1024w, https:\/\/www.museolacavada.es\/wp-content\/uploads\/2021\/09\/1630273293052-scaled-e1630876516174-300x129.jpg 300w, https:\/\/www.museolacavada.es\/wp-content\/uploads\/2021\/09\/1630273293052-scaled-e1630876516174-768x330.jpg 768w, https:\/\/www.museolacavada.es\/wp-content\/uploads\/2021\/09\/1630273293052-scaled-e1630876516174-1536x660.jpg 1536w, https:\/\/www.museolacavada.es\/wp-content\/uploads\/2021\/09\/1630273293052-scaled-e1630876516174-2048x880.jpg 2048w\" sizes=\"auto, (max-width: 1024px) 100vw, 1024px\" \/><\/figure>\n\n\n\n<p>En el exterior del museo se pueden observar ejemplos de la producci\u00f3n de esta f\u00e1brica como ca\u00f1ones o anclas.<\/p>\n\n\n\n<p>El recorrido del museo comienza con los<strong> aspectos hist\u00f3ricos y el repaso a las materias primas y su tratamiento<\/strong>: tala de bosques, labores de carboneo, miner\u00eda y transporte. Continuando con los m\u00e9todos de fabricaci\u00f3n y maquinaria: hornos de fusi\u00f3n y reverbero, m\u00e1quinas hidr\u00e1ulicas, fraguas, todo ello se apoya en paneles explicativos, audiovisuales y maquetas, entre las que destaca la maqueta general de la f\u00e1brica. Esta primera parte se completa con la exposici\u00f3n de escudos, baler\u00edo, herramientas, materias primas y productos de peque\u00f1o porte.<\/p>\n\n\n\n<p>La segunda parte de la exposici\u00f3n se dedica al grueso de la <strong>producci\u00f3n de la F\u00e1brica<\/strong>, es decir, a ca\u00f1ones y anclas. Dispone de piezas de calibre de 48, 24, 18 y 12 libras, as\u00ed como un ancla de fragata del s. XVIII. Es destacable un ca\u00f1\u00f3n de 48 libras de avancarga, fundido en una sola pieza y del mayor calibre jam\u00e1s fabricado.<\/p>\n\n\n\n<p>El tramo final est\u00e1 dedicado a los <strong>navios de l\u00ednea y bater\u00edas de fortificaciones de costa<\/strong>.<br>Sobresale la maqueta, a tama\u00f1o real, de un fragmento de la segunda bater\u00eda del navio San Juan Nepomuceno, otra secci\u00f3n del Santisima Trinidad, adem\u00e1s de otros navios y galeones.<br><\/p>\n\n\n\n<figure class=\"wp-block-gallery has-nested-images columns-default is-cropped wp-block-gallery-1 is-layout-flex wp-block-gallery-is-layout-flex\">\n<figure class=\"wp-block-image size-large\"><img loading=\"lazy\" decoding=\"async\" width=\"1024\" height=\"768\" data-id=\"350\" src=\"http:\/\/www.museolacavada.es\/wp-content\/uploads\/2021\/08\/1630333610105-1024x768.jpg\" alt=\"\" class=\"wp-image-350\" srcset=\"https:\/\/www.museolacavada.es\/wp-content\/uploads\/2021\/08\/1630333610105-1024x768.jpg 1024w, https:\/\/www.museolacavada.es\/wp-content\/uploads\/2021\/08\/1630333610105-300x225.jpg 300w, https:\/\/www.museolacavada.es\/wp-content\/uploads\/2021\/08\/1630333610105-768x576.jpg 768w, https:\/\/www.museolacavada.es\/wp-content\/uploads\/2021\/08\/1630333610105-1536x1152.jpg 1536w, https:\/\/www.museolacavada.es\/wp-content\/uploads\/2021\/08\/1630333610105-2048x1536.jpg 2048w\" sizes=\"auto, (max-width: 1024px) 100vw, 1024px\" \/><\/figure>\n\n\n\n<figure class=\"wp-block-image size-large\"><img loading=\"lazy\" decoding=\"async\" width=\"1024\" height=\"768\" data-id=\"351\" src=\"http:\/\/www.museolacavada.es\/wp-content\/uploads\/2021\/08\/1630333610128-1024x768.jpg\" alt=\"\" class=\"wp-image-351\" srcset=\"https:\/\/www.museolacavada.es\/wp-content\/uploads\/2021\/08\/1630333610128-1024x768.jpg 1024w, https:\/\/www.museolacavada.es\/wp-content\/uploads\/2021\/08\/1630333610128-300x225.jpg 300w, https:\/\/www.museolacavada.es\/wp-content\/uploads\/2021\/08\/1630333610128-768x576.jpg 768w, https:\/\/www.museolacavada.es\/wp-content\/uploads\/2021\/08\/1630333610128-1536x1152.jpg 1536w, https:\/\/www.museolacavada.es\/wp-content\/uploads\/2021\/08\/1630333610128-2048x1536.jpg 2048w\" sizes=\"auto, (max-width: 1024px) 100vw, 1024px\" \/><\/figure>\n\n\n\n<figure class=\"wp-block-image size-large\"><img loading=\"lazy\" decoding=\"async\" width=\"1024\" height=\"768\" data-id=\"353\" src=\"http:\/\/www.museolacavada.es\/wp-content\/uploads\/2021\/08\/1630333610150-1024x768.jpg\" alt=\"\" class=\"wp-image-353\" srcset=\"https:\/\/www.museolacavada.es\/wp-content\/uploads\/2021\/08\/1630333610150-1024x768.jpg 1024w, https:\/\/www.museolacavada.es\/wp-content\/uploads\/2021\/08\/1630333610150-300x225.jpg 300w, https:\/\/www.museolacavada.es\/wp-content\/uploads\/2021\/08\/1630333610150-768x576.jpg 768w, https:\/\/www.museolacavada.es\/wp-content\/uploads\/2021\/08\/1630333610150-1536x1152.jpg 1536w, https:\/\/www.museolacavada.es\/wp-content\/uploads\/2021\/08\/1630333610150-2048x1536.jpg 2048w\" sizes=\"auto, (max-width: 1024px) 100vw, 1024px\" \/><\/figure>\n<\/figure>\n\n\n<div class=\"wp-block-image is-style-default\">\n<figure class=\"aligncenter size-large is-resized\"><img loading=\"lazy\" decoding=\"async\" width=\"1024\" height=\"353\" src=\"http:\/\/www.museolacavada.es\/wp-content\/uploads\/2021\/08\/57453565_831017750609645_1385549539087220736_n-edited-e1630332468808-1024x353.jpg\" alt=\"\" class=\"wp-image-341\" style=\"width:930px;height:320px\" srcset=\"https:\/\/www.museolacavada.es\/wp-content\/uploads\/2021\/08\/57453565_831017750609645_1385549539087220736_n-edited-e1630332468808-1024x353.jpg 1024w, https:\/\/www.museolacavada.es\/wp-content\/uploads\/2021\/08\/57453565_831017750609645_1385549539087220736_n-edited-e1630332468808-300x103.jpg 300w, https:\/\/www.museolacavada.es\/wp-content\/uploads\/2021\/08\/57453565_831017750609645_1385549539087220736_n-edited-e1630332468808-768x265.jpg 768w, https:\/\/www.museolacavada.es\/wp-content\/uploads\/2021\/08\/57453565_831017750609645_1385549539087220736_n-edited-e1630332468808-1536x530.jpg 1536w, https:\/\/www.museolacavada.es\/wp-content\/uploads\/2021\/08\/57453565_831017750609645_1385549539087220736_n-edited-e1630332468808.jpg 2048w\" sizes=\"auto, (max-width: 1024px) 100vw, 1024px\" \/><\/figure>\n<\/div>\n\n\n<p><\/p>\n\n\n\n<p><br><\/p>\n","protected":false},"excerpt":{"rendered":"<p>El Museo est\u00e1&nbsp;situado en el pueblo de&nbsp;La Cavada, en el municipio de Riotuerto en Cantabria. En su interior alberga toda la informaci\u00f3n sobre lo que supuso la instalaci\u00f3n de esta industria, la Real F\u00e1brica de Artiller\u00eda. Su discurso expositivo, de sencilla comprensi\u00f3n y muy bien ilustrado, sorprender\u00e1 a todos los que se acerquen a visitar [&hellip;]<\/p>\n","protected":false},"author":1,"featured_media":0,"parent":0,"menu_order":0,"comment_status":"closed","ping_status":"closed","template":"","meta":{"footnotes":""},"class_list":["post-79","page","type-page","status-publish","hentry"],"_links":{"self":[{"href":"https:\/\/www.museolacavada.es\/index.php\/wp-json\/wp\/v2\/pages\/79","targetHints":{"allow":["GET"]}}],"collection":[{"href":"https:\/\/www.museolacavada.es\/index.php\/wp-json\/wp\/v2\/pages"}],"about":[{"href":"https:\/\/www.museolacavada.es\/index.php\/wp-json\/wp\/v2\/types\/page"}],"author":[{"embeddable":true,"href":"https:\/\/www.museolacavada.es\/index.php\/wp-json\/wp\/v2\/users\/1"}],"replies":[{"embeddable":true,"href":"https:\/\/www.museolacavada.es\/index.php\/wp-json\/wp\/v2\/comments?post=79"}],"version-history":[{"count":33,"href":"https:\/\/www.museolacavada.es\/index.php\/wp-json\/wp\/v2\/pages\/79\/revisions"}],"predecessor-version":[{"id":2594,"href":"https:\/\/www.museolacavada.es\/index.php\/wp-json\/wp\/v2\/pages\/79\/revisions\/2594"}],"wp:attachment":[{"href":"https:\/\/www.museolacavada.es\/index.php\/wp-json\/wp\/v2\/media?parent=79"}],"curies":[{"name":"wp","href":"https:\/\/api.w.org\/{rel}","templated":true}]}}

<div class="wp-block-columns is-layout-flex wp-container-core-columns-is-layout-9d6595d7 wp-block-columns-is-layout-flex">
<div class="wp-block-column is-layout-flow wp-block-column-is-layout-flow"></div>



<div class="wp-block-column is-layout-flow wp-block-column-is-layout-flow"></div>
</div>



<figure class="wp-block-embed is-type-video is-provider-youtube wp-block-embed-youtube wp-embed-aspect-16-9 wp-has-aspect-ratio"><div class="wp-block-embed__wrapper">
<iframe loading="lazy" title="Bienvenidos al Museo de la Real Fábrica de Artillería de La Cavada" width="500" height="281" src="https://www.youtube.com/embed/Q0a0MxBa08A?feature=oembed" frameborder="0" allow="accelerometer; autoplay; clipboard-write; encrypted-media; gyroscope; picture-in-picture; web-share" referrerpolicy="strict-origin-when-cross-origin" allowfullscreen></iframe>
</div></figure>



<p class="has-text-align-left">El Museo está&nbsp;situado en el pueblo de&nbsp;<strong>La Cavada</strong>, en el municipio de Riotuerto en Cantabria.</p>



<p class="has-text-align-left">En su interior alberga toda la información sobre lo que supuso la instalación de esta industria, la <strong>Real Fábrica de Artillería</strong>.</p>



<p class="has-text-align-left">Su discurso expositivo, de sencilla comprensión y muy bien ilustrado, sorprenderá a todos los que se acerquen a visitar el&nbsp;<strong>Museo de la Real Fábrica de Artillería&nbsp;de La Cavada</strong>.</p>



<p class="has-text-align-left">Hay que destacar la maqueta que se encuentra en su interior y que representa el recinto amurallado y dependencias de esta instalación en su estado original, y del que actualmente se conservan elementos distribuidos por el pueblo de La Cavada.</p>



<figure class="wp-block-image size-large"><img loading="lazy" decoding="async" width="1024" height="440" src="http://www.museolacavada.es/wp-content/uploads/2021/09/1630273293052-scaled-e1630876516174-1024x440.jpg" alt="" class="wp-image-904" srcset="https://www.museolacavada.es/wp-content/uploads/2021/09/1630273293052-scaled-e1630876516174-1024x440.jpg 1024w, https://www.museolacavada.es/wp-content/uploads/2021/09/1630273293052-scaled-e1630876516174-300x129.jpg 300w, https://www.museolacavada.es/wp-content/uploads/2021/09/1630273293052-scaled-e1630876516174-768x330.jpg 768w, https://www.museolacavada.es/wp-content/uploads/2021/09/1630273293052-scaled-e1630876516174-1536x660.jpg 1536w, https://www.museolacavada.es/wp-content/uploads/2021/09/1630273293052-scaled-e1630876516174-2048x880.jpg 2048w" sizes="auto, (max-width: 1024px) 100vw, 1024px" /></figure>



<p>En el exterior del museo se pueden observar ejemplos de la producción de esta fábrica como cañones o anclas.</p>



<p>El recorrido del museo comienza con los<strong> aspectos históricos y el repaso a las materias primas y su tratamiento</strong>: tala de bosques, labores de carboneo, minería y transporte. Continuando con los métodos de fabricación y maquinaria: hornos de fusión y reverbero, máquinas hidráulicas, fraguas, todo ello se apoya en paneles explicativos, audiovisuales y maquetas, entre las que destaca la maqueta general de la fábrica. Esta primera parte se completa con la exposición de escudos, balerío, herramientas, materias primas y productos de pequeño porte.</p>



<p>La segunda parte de la exposición se dedica al grueso de la <strong>producción de la Fábrica</strong>, es decir, a cañones y anclas. Dispone de piezas de calibre de 48, 24, 18 y 12 libras, así como un ancla de fragata del s. XVIII. Es destacable un cañón de 48 libras de avancarga, fundido en una sola pieza y del mayor calibre jamás fabricado.</p>



<p>El tramo final está dedicado a los <strong>navios de línea y baterías de fortificaciones de costa</strong>.<br>Sobresale la maqueta, a tamaño real, de un fragmento de la segunda batería del navio San Juan Nepomuceno, otra sección del Santisima Trinidad, además de otros navios y galeones.<br></p>



<figure class="wp-block-gallery has-nested-images columns-default is-cropped wp-block-gallery-1 is-layout-flex wp-block-gallery-is-layout-flex">
<figure class="wp-block-image size-large"><img loading="lazy" decoding="async" width="1024" height="768" data-id="350" src="http://www.museolacavada.es/wp-content/uploads/2021/08/1630333610105-1024x768.jpg" alt="" class="wp-image-350" srcset="https://www.museolacavada.es/wp-content/uploads/2021/08/1630333610105-1024x768.jpg 1024w, https://www.museolacavada.es/wp-content/uploads/2021/08/1630333610105-300x225.jpg 300w, https://www.museolacavada.es/wp-content/uploads/2021/08/1630333610105-768x576.jpg 768w, https://www.museolacavada.es/wp-content/uploads/2021/08/1630333610105-1536x1152.jpg 1536w, https://www.museolacavada.es/wp-content/uploads/2021/08/1630333610105-2048x1536.jpg 2048w" sizes="auto, (max-width: 1024px) 100vw, 1024px" /></figure>



<figure class="wp-block-image size-large"><img loading="lazy" decoding="async" width="1024" height="768" data-id="351" src="http://www.museolacavada.es/wp-content/uploads/2021/08/1630333610128-1024x768.jpg" alt="" class="wp-image-351" srcset="https://www.museolacavada.es/wp-content/uploads/2021/08/1630333610128-1024x768.jpg 1024w, https://www.museolacavada.es/wp-content/uploads/2021/08/1630333610128-300x225.jpg 300w, https://www.museolacavada.es/wp-content/uploads/2021/08/1630333610128-768x576.jpg 768w, https://www.museolacavada.es/wp-content/uploads/2021/08/1630333610128-1536x1152.jpg 1536w, https://www.museolacavada.es/wp-content/uploads/2021/08/1630333610128-2048x1536.jpg 2048w" sizes="auto, (max-width: 1024px) 100vw, 1024px" /></figure>



<figure class="wp-block-image size-large"><img loading="lazy" decoding="async" width="1024" height="768" data-id="353" src="http://www.museolacavada.es/wp-content/uploads/2021/08/1630333610150-1024x768.jpg" alt="" class="wp-image-353" srcset="https://www.museolacavada.es/wp-content/uploads/2021/08/1630333610150-1024x768.jpg 1024w, https://www.museolacavada.es/wp-content/uploads/2021/08/1630333610150-300x225.jpg 300w, https://www.museolacavada.es/wp-content/uploads/2021/08/1630333610150-768x576.jpg 768w, https://www.museolacavada.es/wp-content/uploads/2021/08/1630333610150-1536x1152.jpg 1536w, https://www.museolacavada.es/wp-content/uploads/2021/08/1630333610150-2048x1536.jpg 2048w" sizes="auto, (max-width: 1024px) 100vw, 1024px" /></figure>
</figure>


<div class="wp-block-image is-style-default">
<figure class="aligncenter size-large is-resized"><img loading="lazy" decoding="async" width="1024" height="353" src="http://www.museolacavada.es/wp-content/uploads/2021/08/57453565_831017750609645_1385549539087220736_n-edited-e1630332468808-1024x353.jpg" alt="" class="wp-image-341" style="width:930px;height:320px" srcset="https://www.museolacavada.es/wp-content/uploads/2021/08/57453565_831017750609645_1385549539087220736_n-edited-e1630332468808-1024x353.jpg 1024w, https://www.museolacavada.es/wp-content/uploads/2021/08/57453565_831017750609645_1385549539087220736_n-edited-e1630332468808-300x103.jpg 300w, https://www.museolacavada.es/wp-content/uploads/2021/08/57453565_831017750609645_1385549539087220736_n-edited-e1630332468808-768x265.jpg 768w, https://www.museolacavada.es/wp-content/uploads/2021/08/57453565_831017750609645_1385549539087220736_n-edited-e1630332468808-1536x530.jpg 1536w, https://www.museolacavada.es/wp-content/uploads/2021/08/57453565_831017750609645_1385549539087220736_n-edited-e1630332468808.jpg 2048w" sizes="auto, (max-width: 1024px) 100vw, 1024px" /></figure>
</div>


<p></p>



<p><br></p>

<p>El Museo está&nbsp;situado en el pueblo de&nbsp;La Cavada, en el municipio de Riotuerto en Cantabria. En su interior alberga toda la información sobre lo que supuso la instalación de esta industria, la Real Fábrica de Artillería. Su discurso expositivo, de sencilla comprensión y muy bien ilustrado, sorprenderá a todos los que se acerquen a visitar [&hellip;]</p>
