{"id":229,"date":"2021-08-29T23:32:44","date_gmt":"2021-08-29T23:32:44","guid":{"rendered":"http:\/\/www.museolacavada.es\/?page_id=229"},"modified":"2021-09-05T17:53:21","modified_gmt":"2021-09-05T17:53:21","slug":"arco-de-carlos-iii","status":"publish","type":"page","link":"https:\/\/www.museolacavada.es\/index.php\/arco-de-carlos-iii\/","title":{"rendered":"Arco de Carlos III"},"content":{"rendered":"\n<p class=\"has-primary-color has-text-color has-large-font-size\"><\/p>\n\n\n\n<figure class=\"wp-block-gallery columns-3 is-cropped wp-block-gallery-1 is-layout-flex wp-block-gallery-is-layout-flex\"><ul class=\"blocks-gallery-grid\"><li class=\"blocks-gallery-item\"><figure><img loading=\"lazy\" decoding=\"async\" width=\"768\" height=\"1024\" src=\"http:\/\/www.museolacavada.es\/wp-content\/uploads\/2021\/08\/1630272964423-3-768x1024.jpg\" alt=\"\" data-id=\"237\" data-link=\"http:\/\/www.museolacavada.es\/index.php\/arco-de-carlos-iii\/1630272964423-3\/\" class=\"wp-image-237\" srcset=\"https:\/\/www.museolacavada.es\/wp-content\/uploads\/2021\/08\/1630272964423-3-768x1024.jpg 768w, https:\/\/www.museolacavada.es\/wp-content\/uploads\/2021\/08\/1630272964423-3-225x300.jpg 225w, https:\/\/www.museolacavada.es\/wp-content\/uploads\/2021\/08\/1630272964423-3-1152x1536.jpg 1152w, https:\/\/www.museolacavada.es\/wp-content\/uploads\/2021\/08\/1630272964423-3-1536x2048.jpg 1536w, https:\/\/www.museolacavada.es\/wp-content\/uploads\/2021\/08\/1630272964423-3-1200x1600.jpg 1200w, https:\/\/www.museolacavada.es\/wp-content\/uploads\/2021\/08\/1630272964423-3-1980x2640.jpg 1980w, https:\/\/www.museolacavada.es\/wp-content\/uploads\/2021\/08\/1630272964423-3-scaled.jpg 1920w\" sizes=\"auto, (max-width: 768px) 100vw, 768px\" \/><\/figure><\/li><li class=\"blocks-gallery-item\"><figure><img loading=\"lazy\" decoding=\"async\" width=\"768\" height=\"1024\" src=\"http:\/\/www.museolacavada.es\/wp-content\/uploads\/2021\/08\/1630272964448-768x1024.jpg\" alt=\"\" data-id=\"238\" data-link=\"http:\/\/www.museolacavada.es\/index.php\/arco-de-carlos-iii\/attachment\/1630272964448\/\" class=\"wp-image-238\" srcset=\"https:\/\/www.museolacavada.es\/wp-content\/uploads\/2021\/08\/1630272964448-768x1024.jpg 768w, https:\/\/www.museolacavada.es\/wp-content\/uploads\/2021\/08\/1630272964448-225x300.jpg 225w, https:\/\/www.museolacavada.es\/wp-content\/uploads\/2021\/08\/1630272964448-1152x1536.jpg 1152w, https:\/\/www.museolacavada.es\/wp-content\/uploads\/2021\/08\/1630272964448-1536x2048.jpg 1536w, https:\/\/www.museolacavada.es\/wp-content\/uploads\/2021\/08\/1630272964448-1200x1600.jpg 1200w, https:\/\/www.museolacavada.es\/wp-content\/uploads\/2021\/08\/1630272964448-1980x2640.jpg 1980w, https:\/\/www.museolacavada.es\/wp-content\/uploads\/2021\/08\/1630272964448-scaled.jpg 1920w\" sizes=\"auto, (max-width: 768px) 100vw, 768px\" \/><\/figure><\/li><li class=\"blocks-gallery-item\"><figure><img loading=\"lazy\" decoding=\"async\" width=\"1024\" height=\"768\" src=\"http:\/\/www.museolacavada.es\/wp-content\/uploads\/2021\/08\/1630272964470-1-1024x768.jpg\" alt=\"\" data-id=\"239\" data-link=\"http:\/\/www.museolacavada.es\/index.php\/arco-de-carlos-iii\/1630272964470-1\/\" class=\"wp-image-239\" srcset=\"https:\/\/www.museolacavada.es\/wp-content\/uploads\/2021\/08\/1630272964470-1-1024x768.jpg 1024w, https:\/\/www.museolacavada.es\/wp-content\/uploads\/2021\/08\/1630272964470-1-300x225.jpg 300w, https:\/\/www.museolacavada.es\/wp-content\/uploads\/2021\/08\/1630272964470-1-768x576.jpg 768w, https:\/\/www.museolacavada.es\/wp-content\/uploads\/2021\/08\/1630272964470-1-1536x1152.jpg 1536w, https:\/\/www.museolacavada.es\/wp-content\/uploads\/2021\/08\/1630272964470-1-2048x1536.jpg 2048w, https:\/\/www.museolacavada.es\/wp-content\/uploads\/2021\/08\/1630272964470-1-1200x900.jpg 1200w, https:\/\/www.museolacavada.es\/wp-content\/uploads\/2021\/08\/1630272964470-1-1980x1485.jpg 1980w\" sizes=\"auto, (max-width: 1024px) 100vw, 1024px\" \/><\/figure><\/li><\/ul><\/figure>\n\n\n\n<p class=\"has-primary-color has-text-color has-normal-font-size\">Esta construcci\u00f3n, dise\u00f1ada por el arquitecto de la Marina Don Francisco de Solin\u00eds, comenz\u00f3 a ser construida en el a\u00f1o 1783 y finalizada un a\u00f1o m\u00e1s tarde, tal y como lo refleja la leyenda <strong>\u00abCarlos III Rey, a\u00f1o 1784\u00bb<\/strong>.<br>Era la <strong>entrada al recinto de la Real F\u00e1brica de Artiller\u00eda de La Cavada<\/strong>.<\/p>\n\n\n\n<p class=\"has-primary-color has-text-color has-normal-font-size\">Su estilo arquitect\u00f3nico es neocl\u00e1sico y recuerda a las construidas en el Madrid de la \u00e9poca. Destaca su arco de medio punto entre dos pilastras rematado por un front\u00f3n triangular. Una caracter\u00edstica de esta obra es que sus piezas se encuentran soldadas con una colada de plomo y hierro, convirti\u00e9ndola en una sola pieza.<br>Los motivos por los que se levant\u00f3 son varios, y entre ellos est\u00e1n,la conmemoraci\u00f3n del \u00e9xito de producci\u00f3n de la f\u00e1brica y la necesidad de ofrecer al recinto una mayor seguridad.<br>Esta portalada fue declarada <strong>Bien de Inter\u00e9s Cultural en el a\u00f1o 1985<\/strong>.<\/p>\n\n\n\n<figure class=\"wp-block-image size-large\"><img loading=\"lazy\" decoding=\"async\" width=\"1024\" height=\"724\" src=\"http:\/\/www.museolacavada.es\/wp-content\/uploads\/2021\/09\/10-Dibujo-del-Arco-Galdos-1024x724.jpg\" alt=\"\" class=\"wp-image-869\" srcset=\"https:\/\/www.museolacavada.es\/wp-content\/uploads\/2021\/09\/10-Dibujo-del-Arco-Galdos-1024x724.jpg 1024w, https:\/\/www.museolacavada.es\/wp-content\/uploads\/2021\/09\/10-Dibujo-del-Arco-Galdos-300x212.jpg 300w, https:\/\/www.museolacavada.es\/wp-content\/uploads\/2021\/09\/10-Dibujo-del-Arco-Galdos-768x543.jpg 768w, https:\/\/www.museolacavada.es\/wp-content\/uploads\/2021\/09\/10-Dibujo-del-Arco-Galdos-1536x1086.jpg 1536w, https:\/\/www.museolacavada.es\/wp-content\/uploads\/2021\/09\/10-Dibujo-del-Arco-Galdos-2048x1448.jpg 2048w\" sizes=\"auto, (max-width: 1024px) 100vw, 1024px\" \/><\/figure>\n\n\n\n<p><\/p>\n","protected":false},"excerpt":{"rendered":"<p>Esta construcci\u00f3n, dise\u00f1ada por el arquitecto de la Marina Don Francisco de Solin\u00eds, comenz\u00f3 a ser construida en el a\u00f1o 1783 y finalizada un a\u00f1o m\u00e1s tarde, tal y como lo refleja la leyenda \u00abCarlos III Rey, a\u00f1o 1784\u00bb.Era la entrada al recinto de la Real F\u00e1brica de Artiller\u00eda de La Cavada. Su estilo arquitect\u00f3nico [&hellip;]<\/p>\n","protected":false},"author":1,"featured_media":0,"parent":0,"menu_order":0,"comment_status":"closed","ping_status":"closed","template":"","meta":{"footnotes":""},"class_list":["post-229","page","type-page","status-publish","hentry"],"_links":{"self":[{"href":"https:\/\/www.museolacavada.es\/index.php\/wp-json\/wp\/v2\/pages\/229","targetHints":{"allow":["GET"]}}],"collection":[{"href":"https:\/\/www.museolacavada.es\/index.php\/wp-json\/wp\/v2\/pages"}],"about":[{"href":"https:\/\/www.museolacavada.es\/index.php\/wp-json\/wp\/v2\/types\/page"}],"author":[{"embeddable":true,"href":"https:\/\/www.museolacavada.es\/index.php\/wp-json\/wp\/v2\/users\/1"}],"replies":[{"embeddable":true,"href":"https:\/\/www.museolacavada.es\/index.php\/wp-json\/wp\/v2\/comments?post=229"}],"version-history":[{"count":6,"href":"https:\/\/www.museolacavada.es\/index.php\/wp-json\/wp\/v2\/pages\/229\/revisions"}],"predecessor-version":[{"id":875,"href":"https:\/\/www.museolacavada.es\/index.php\/wp-json\/wp\/v2\/pages\/229\/revisions\/875"}],"wp:attachment":[{"href":"https:\/\/www.museolacavada.es\/index.php\/wp-json\/wp\/v2\/media?parent=229"}],"curies":[{"name":"wp","href":"https:\/\/api.w.org\/{rel}","templated":true}]}}