{"id":1288,"date":"2022-08-09T20:56:47","date_gmt":"2022-08-09T20:56:47","guid":{"rendered":"https:\/\/www.museolacavada.es\/?page_id=1288"},"modified":"2023-07-17T20:27:00","modified_gmt":"2023-07-17T20:27:00","slug":"semana-del-museo-2022","status":"publish","type":"page","link":"https:\/\/www.museolacavada.es\/index.php\/semana-del-museo-2022\/","title":{"rendered":"Semana del Museo 2022"},"content":{"rendered":"\n<p>El programa del <strong>Ciclo de Conferencias<\/strong> de este a\u00f1o se llevar\u00e1 a cabo del 8 al 12 de agosto.<\/p>\n\n\n\n<p>Todas las ponencias se celebraran a partir de las 20.00h en el museo.<\/p>\n\n\n\n<div class=\"wp-block-columns is-layout-flex wp-container-core-columns-is-layout-9d6595d7 wp-block-columns-is-layout-flex\">\n<div class=\"wp-block-column is-layout-flow wp-block-column-is-layout-flow\">\n<figure class=\"wp-block-image size-full\"><img loading=\"lazy\" decoding=\"async\" width=\"679\" height=\"960\" src=\"https:\/\/www.museolacavada.es\/wp-content\/uploads\/2022\/08\/293676155_1699176593793752_3847187925004403950_n.jpg\" alt=\"\" class=\"wp-image-1277\" srcset=\"https:\/\/www.museolacavada.es\/wp-content\/uploads\/2022\/08\/293676155_1699176593793752_3847187925004403950_n.jpg 679w, https:\/\/www.museolacavada.es\/wp-content\/uploads\/2022\/08\/293676155_1699176593793752_3847187925004403950_n-212x300.jpg 212w\" sizes=\"auto, (max-width: 679px) 100vw, 679px\" \/><\/figure>\n<\/div>\n\n\n\n<div class=\"wp-block-column is-layout-flow wp-block-column-is-layout-flow\">\n<figure class=\"wp-block-image size-full\"><img loading=\"lazy\" decoding=\"async\" width=\"723\" height=\"1024\" src=\"https:\/\/www.museolacavada.es\/wp-content\/uploads\/2022\/08\/SAVE_20220722_173009.jpg\" alt=\"\" class=\"wp-image-1278\" srcset=\"https:\/\/www.museolacavada.es\/wp-content\/uploads\/2022\/08\/SAVE_20220722_173009.jpg 723w, https:\/\/www.museolacavada.es\/wp-content\/uploads\/2022\/08\/SAVE_20220722_173009-212x300.jpg 212w\" sizes=\"auto, (max-width: 723px) 100vw, 723px\" \/><\/figure>\n<\/div>\n<\/div>\n\n\n\n<p>1\u00aa conferencia.&nbsp;<strong>Do\u00f1a Josefa Mart\u00ed Solano<\/strong>&nbsp;\u2013 \u00abNaufragios de Trafalgar an\u00e1lisis y estudios arqueol\u00f3gicos de las piezas de artiller\u00eda\u00bb.<\/p>\n\n\n\n<figure class=\"wp-block-embed is-type-video is-provider-youtube wp-block-embed-youtube wp-embed-aspect-16-9 wp-has-aspect-ratio\"><div class=\"wp-block-embed__wrapper\">\n<iframe loading=\"lazy\" title=\"Conferencia D\u00f1a Josefa Mart\u00ed Solano. Lunes 8-8-2022\" width=\"500\" height=\"281\" src=\"https:\/\/www.youtube.com\/embed\/raRylcVe_NA?feature=oembed\" frameborder=\"0\" allow=\"accelerometer; autoplay; clipboard-write; encrypted-media; gyroscope; picture-in-picture; web-share\" referrerpolicy=\"strict-origin-when-cross-origin\" allowfullscreen><\/iframe>\n<\/div><\/figure>\n\n\n\n<figure class=\"wp-block-gallery has-nested-images columns-default is-cropped wp-block-gallery-1 is-layout-flex wp-block-gallery-is-layout-flex\">\n<figure class=\"wp-block-image size-large\"><img loading=\"lazy\" decoding=\"async\" width=\"648\" height=\"1440\" data-id=\"1279\" src=\"https:\/\/www.museolacavada.es\/wp-content\/uploads\/2022\/08\/1o-conferencia-3-1.jpeg\" alt=\"\" class=\"wp-image-1279\" srcset=\"https:\/\/www.museolacavada.es\/wp-content\/uploads\/2022\/08\/1o-conferencia-3-1.jpeg 648w, https:\/\/www.museolacavada.es\/wp-content\/uploads\/2022\/08\/1o-conferencia-3-1-135x300.jpeg 135w, https:\/\/www.museolacavada.es\/wp-content\/uploads\/2022\/08\/1o-conferencia-3-1-461x1024.jpeg 461w\" sizes=\"auto, (max-width: 648px) 100vw, 648px\" \/><\/figure>\n\n\n\n<figure class=\"wp-block-image size-large\"><img loading=\"lazy\" decoding=\"async\" width=\"648\" height=\"1440\" data-id=\"1280\" src=\"https:\/\/www.museolacavada.es\/wp-content\/uploads\/2022\/08\/1o-conferencia-1-1.jpeg\" alt=\"\" class=\"wp-image-1280\" srcset=\"https:\/\/www.museolacavada.es\/wp-content\/uploads\/2022\/08\/1o-conferencia-1-1.jpeg 648w, https:\/\/www.museolacavada.es\/wp-content\/uploads\/2022\/08\/1o-conferencia-1-1-135x300.jpeg 135w, https:\/\/www.museolacavada.es\/wp-content\/uploads\/2022\/08\/1o-conferencia-1-1-461x1024.jpeg 461w\" sizes=\"auto, (max-width: 648px) 100vw, 648px\" \/><\/figure>\n\n\n\n<figure class=\"wp-block-image size-large\"><img loading=\"lazy\" decoding=\"async\" width=\"648\" height=\"1440\" data-id=\"1281\" src=\"https:\/\/www.museolacavada.es\/wp-content\/uploads\/2022\/08\/1o-conferencia-2-1.jpeg\" alt=\"\" class=\"wp-image-1281\" srcset=\"https:\/\/www.museolacavada.es\/wp-content\/uploads\/2022\/08\/1o-conferencia-2-1.jpeg 648w, https:\/\/www.museolacavada.es\/wp-content\/uploads\/2022\/08\/1o-conferencia-2-1-135x300.jpeg 135w, https:\/\/www.museolacavada.es\/wp-content\/uploads\/2022\/08\/1o-conferencia-2-1-461x1024.jpeg 461w\" sizes=\"auto, (max-width: 648px) 100vw, 648px\" \/><\/figure>\n<\/figure>\n\n\n\n<p>2\u00aa conferencia.&nbsp;<strong>D. Luis Jar Torre<\/strong>&nbsp;\u2013 \u00abUna carta en malas manos: Drake y el Portulano de Santander 1589\u00bb.<\/p>\n\n\n\n<figure class=\"wp-block-embed is-type-video is-provider-youtube wp-block-embed-youtube wp-embed-aspect-16-9 wp-has-aspect-ratio\"><div class=\"wp-block-embed__wrapper\">\n<iframe loading=\"lazy\" title=\"Conferencia Luis Jar Torre .Martes 9-8-2022\" width=\"500\" height=\"281\" src=\"https:\/\/www.youtube.com\/embed\/_cKHpnmFtBM?feature=oembed\" frameborder=\"0\" allow=\"accelerometer; autoplay; clipboard-write; encrypted-media; gyroscope; picture-in-picture; web-share\" referrerpolicy=\"strict-origin-when-cross-origin\" allowfullscreen><\/iframe>\n<\/div><\/figure>\n\n\n\n<figure class=\"wp-block-gallery has-nested-images columns-default is-cropped wp-block-gallery-2 is-layout-flex wp-block-gallery-is-layout-flex\">\n<figure class=\"wp-block-image size-large\"><img loading=\"lazy\" decoding=\"async\" width=\"648\" height=\"1440\" data-id=\"1282\" src=\"https:\/\/www.museolacavada.es\/wp-content\/uploads\/2022\/08\/2o-conferencia-2.jpeg\" alt=\"\" class=\"wp-image-1282\" srcset=\"https:\/\/www.museolacavada.es\/wp-content\/uploads\/2022\/08\/2o-conferencia-2.jpeg 648w, https:\/\/www.museolacavada.es\/wp-content\/uploads\/2022\/08\/2o-conferencia-2-135x300.jpeg 135w, https:\/\/www.museolacavada.es\/wp-content\/uploads\/2022\/08\/2o-conferencia-2-461x1024.jpeg 461w\" sizes=\"auto, (max-width: 648px) 100vw, 648px\" \/><\/figure>\n\n\n\n<figure class=\"wp-block-image size-large\"><img loading=\"lazy\" decoding=\"async\" width=\"648\" height=\"1440\" data-id=\"1283\" src=\"https:\/\/www.museolacavada.es\/wp-content\/uploads\/2022\/08\/2o-conferencia-4.jpeg\" alt=\"\" class=\"wp-image-1283\" srcset=\"https:\/\/www.museolacavada.es\/wp-content\/uploads\/2022\/08\/2o-conferencia-4.jpeg 648w, https:\/\/www.museolacavada.es\/wp-content\/uploads\/2022\/08\/2o-conferencia-4-135x300.jpeg 135w, https:\/\/www.museolacavada.es\/wp-content\/uploads\/2022\/08\/2o-conferencia-4-461x1024.jpeg 461w\" sizes=\"auto, (max-width: 648px) 100vw, 648px\" \/><\/figure>\n\n\n\n<figure class=\"wp-block-image size-large\"><img loading=\"lazy\" decoding=\"async\" width=\"1440\" height=\"648\" data-id=\"1284\" src=\"https:\/\/www.museolacavada.es\/wp-content\/uploads\/2022\/08\/2o-conferencia-3.jpeg\" alt=\"\" class=\"wp-image-1284\" srcset=\"https:\/\/www.museolacavada.es\/wp-content\/uploads\/2022\/08\/2o-conferencia-3.jpeg 1440w, https:\/\/www.museolacavada.es\/wp-content\/uploads\/2022\/08\/2o-conferencia-3-300x135.jpeg 300w, https:\/\/www.museolacavada.es\/wp-content\/uploads\/2022\/08\/2o-conferencia-3-1024x461.jpeg 1024w, https:\/\/www.museolacavada.es\/wp-content\/uploads\/2022\/08\/2o-conferencia-3-768x346.jpeg 768w\" sizes=\"auto, (max-width: 1440px) 100vw, 1440px\" \/><\/figure>\n\n\n\n<figure class=\"wp-block-image size-large\"><img loading=\"lazy\" decoding=\"async\" width=\"1440\" height=\"648\" data-id=\"1285\" src=\"https:\/\/www.museolacavada.es\/wp-content\/uploads\/2022\/08\/2o-conferencia-5.jpeg\" alt=\"\" class=\"wp-image-1285\" srcset=\"https:\/\/www.museolacavada.es\/wp-content\/uploads\/2022\/08\/2o-conferencia-5.jpeg 1440w, https:\/\/www.museolacavada.es\/wp-content\/uploads\/2022\/08\/2o-conferencia-5-300x135.jpeg 300w, https:\/\/www.museolacavada.es\/wp-content\/uploads\/2022\/08\/2o-conferencia-5-1024x461.jpeg 1024w, https:\/\/www.museolacavada.es\/wp-content\/uploads\/2022\/08\/2o-conferencia-5-768x346.jpeg 768w\" sizes=\"auto, (max-width: 1440px) 100vw, 1440px\" \/><\/figure>\n\n\n\n<figure class=\"wp-block-image size-large\"><img loading=\"lazy\" decoding=\"async\" width=\"1440\" height=\"648\" data-id=\"1286\" src=\"https:\/\/www.museolacavada.es\/wp-content\/uploads\/2022\/08\/2o-conferencia-1.jpeg\" alt=\"\" class=\"wp-image-1286\" srcset=\"https:\/\/www.museolacavada.es\/wp-content\/uploads\/2022\/08\/2o-conferencia-1.jpeg 1440w, https:\/\/www.museolacavada.es\/wp-content\/uploads\/2022\/08\/2o-conferencia-1-300x135.jpeg 300w, https:\/\/www.museolacavada.es\/wp-content\/uploads\/2022\/08\/2o-conferencia-1-1024x461.jpeg 1024w, https:\/\/www.museolacavada.es\/wp-content\/uploads\/2022\/08\/2o-conferencia-1-768x346.jpeg 768w\" sizes=\"auto, (max-width: 1440px) 100vw, 1440px\" \/><\/figure>\n<\/figure>\n\n\n\n<p>3\u00aa conferencia. <strong>Coronel R. D. Jos\u00e9 Mar\u00eda Grande&nbsp; Urquijo<\/strong> &#8211; \u00abZona gris, herramienta de conquista\u00bb.<\/p>\n\n\n\n<p><\/p>\n\n\n\n<figure class=\"wp-block-gallery has-nested-images columns-default is-cropped wp-block-gallery-3 is-layout-flex wp-block-gallery-is-layout-flex\">\n<figure class=\"wp-block-image size-large\"><img loading=\"lazy\" decoding=\"async\" width=\"921\" height=\"2048\" data-id=\"1294\" src=\"https:\/\/www.museolacavada.es\/wp-content\/uploads\/2022\/08\/IMG-20220810-WA0025.jpg\" alt=\"\" class=\"wp-image-1294\" srcset=\"https:\/\/www.museolacavada.es\/wp-content\/uploads\/2022\/08\/IMG-20220810-WA0025.jpg 921w, https:\/\/www.museolacavada.es\/wp-content\/uploads\/2022\/08\/IMG-20220810-WA0025-135x300.jpg 135w, https:\/\/www.museolacavada.es\/wp-content\/uploads\/2022\/08\/IMG-20220810-WA0025-461x1024.jpg 461w, https:\/\/www.museolacavada.es\/wp-content\/uploads\/2022\/08\/IMG-20220810-WA0025-768x1708.jpg 768w, https:\/\/www.museolacavada.es\/wp-content\/uploads\/2022\/08\/IMG-20220810-WA0025-691x1536.jpg 691w\" sizes=\"auto, (max-width: 921px) 100vw, 921px\" \/><\/figure>\n\n\n\n<figure class=\"wp-block-image size-large\"><img loading=\"lazy\" decoding=\"async\" width=\"921\" height=\"2048\" data-id=\"1295\" src=\"https:\/\/www.museolacavada.es\/wp-content\/uploads\/2022\/08\/IMG-20220810-WA0024.jpg\" alt=\"\" class=\"wp-image-1295\" srcset=\"https:\/\/www.museolacavada.es\/wp-content\/uploads\/2022\/08\/IMG-20220810-WA0024.jpg 921w, https:\/\/www.museolacavada.es\/wp-content\/uploads\/2022\/08\/IMG-20220810-WA0024-135x300.jpg 135w, https:\/\/www.museolacavada.es\/wp-content\/uploads\/2022\/08\/IMG-20220810-WA0024-461x1024.jpg 461w, https:\/\/www.museolacavada.es\/wp-content\/uploads\/2022\/08\/IMG-20220810-WA0024-768x1708.jpg 768w, https:\/\/www.museolacavada.es\/wp-content\/uploads\/2022\/08\/IMG-20220810-WA0024-691x1536.jpg 691w\" sizes=\"auto, (max-width: 921px) 100vw, 921px\" \/><\/figure>\n\n\n\n<figure class=\"wp-block-image size-large\"><img loading=\"lazy\" decoding=\"async\" width=\"2048\" height=\"921\" data-id=\"1296\" src=\"https:\/\/www.museolacavada.es\/wp-content\/uploads\/2022\/08\/IMG-20220810-WA0021.jpg\" alt=\"\" class=\"wp-image-1296\" srcset=\"https:\/\/www.museolacavada.es\/wp-content\/uploads\/2022\/08\/IMG-20220810-WA0021.jpg 2048w, https:\/\/www.museolacavada.es\/wp-content\/uploads\/2022\/08\/IMG-20220810-WA0021-300x135.jpg 300w, https:\/\/www.museolacavada.es\/wp-content\/uploads\/2022\/08\/IMG-20220810-WA0021-1024x461.jpg 1024w, https:\/\/www.museolacavada.es\/wp-content\/uploads\/2022\/08\/IMG-20220810-WA0021-768x345.jpg 768w, https:\/\/www.museolacavada.es\/wp-content\/uploads\/2022\/08\/IMG-20220810-WA0021-1536x691.jpg 1536w\" sizes=\"auto, (max-width: 2048px) 100vw, 2048px\" \/><\/figure>\n\n\n\n<figure class=\"wp-block-image size-large\"><img loading=\"lazy\" decoding=\"async\" width=\"2048\" height=\"921\" data-id=\"1297\" src=\"https:\/\/www.museolacavada.es\/wp-content\/uploads\/2022\/08\/IMG-20220810-WA0022.jpg\" alt=\"\" class=\"wp-image-1297\" srcset=\"https:\/\/www.museolacavada.es\/wp-content\/uploads\/2022\/08\/IMG-20220810-WA0022.jpg 2048w, https:\/\/www.museolacavada.es\/wp-content\/uploads\/2022\/08\/IMG-20220810-WA0022-300x135.jpg 300w, https:\/\/www.museolacavada.es\/wp-content\/uploads\/2022\/08\/IMG-20220810-WA0022-1024x461.jpg 1024w, https:\/\/www.museolacavada.es\/wp-content\/uploads\/2022\/08\/IMG-20220810-WA0022-768x345.jpg 768w, https:\/\/www.museolacavada.es\/wp-content\/uploads\/2022\/08\/IMG-20220810-WA0022-1536x691.jpg 1536w\" sizes=\"auto, (max-width: 2048px) 100vw, 2048px\" \/><\/figure>\n\n\n\n<figure class=\"wp-block-image size-large\"><img loading=\"lazy\" decoding=\"async\" width=\"2048\" height=\"921\" data-id=\"1298\" src=\"https:\/\/www.museolacavada.es\/wp-content\/uploads\/2022\/08\/IMG-20220810-WA0023.jpg\" alt=\"\" class=\"wp-image-1298\" srcset=\"https:\/\/www.museolacavada.es\/wp-content\/uploads\/2022\/08\/IMG-20220810-WA0023.jpg 2048w, https:\/\/www.museolacavada.es\/wp-content\/uploads\/2022\/08\/IMG-20220810-WA0023-300x135.jpg 300w, https:\/\/www.museolacavada.es\/wp-content\/uploads\/2022\/08\/IMG-20220810-WA0023-1024x461.jpg 1024w, https:\/\/www.museolacavada.es\/wp-content\/uploads\/2022\/08\/IMG-20220810-WA0023-768x345.jpg 768w, https:\/\/www.museolacavada.es\/wp-content\/uploads\/2022\/08\/IMG-20220810-WA0023-1536x691.jpg 1536w\" sizes=\"auto, (max-width: 2048px) 100vw, 2048px\" \/><\/figure>\n<\/figure>\n\n\n\n<p>4\u00aa conferencia. <strong>D. Diego Quevedo Carmona<\/strong>,\u00abPioneros de la navegaci\u00f3n submarina, Isaac Peral o la soluci\u00f3n definitiva\u00bb.<\/p>\n\n\n\n<figure class=\"wp-block-embed is-type-video is-provider-youtube wp-block-embed-youtube wp-embed-aspect-16-9 wp-has-aspect-ratio\"><div class=\"wp-block-embed__wrapper\">\n<iframe loading=\"lazy\" title=\"Conferencia D. Diego Quevedo Carmona. Jueves 11-8-2022\" width=\"500\" height=\"281\" src=\"https:\/\/www.youtube.com\/embed\/KiaVPjG9RbI?feature=oembed\" frameborder=\"0\" allow=\"accelerometer; autoplay; clipboard-write; encrypted-media; gyroscope; picture-in-picture; web-share\" referrerpolicy=\"strict-origin-when-cross-origin\" allowfullscreen><\/iframe>\n<\/div><\/figure>\n\n\n\n<figure class=\"wp-block-gallery has-nested-images columns-default is-cropped wp-block-gallery-4 is-layout-flex wp-block-gallery-is-layout-flex\">\n<figure class=\"wp-block-image size-large\"><img loading=\"lazy\" decoding=\"async\" width=\"648\" height=\"1440\" data-id=\"1306\" src=\"https:\/\/www.museolacavada.es\/wp-content\/uploads\/2022\/08\/IMG-20220811-WA0022.jpg\" alt=\"\" class=\"wp-image-1306\" srcset=\"https:\/\/www.museolacavada.es\/wp-content\/uploads\/2022\/08\/IMG-20220811-WA0022.jpg 648w, https:\/\/www.museolacavada.es\/wp-content\/uploads\/2022\/08\/IMG-20220811-WA0022-135x300.jpg 135w, https:\/\/www.museolacavada.es\/wp-content\/uploads\/2022\/08\/IMG-20220811-WA0022-461x1024.jpg 461w\" sizes=\"auto, (max-width: 648px) 100vw, 648px\" \/><\/figure>\n\n\n\n<figure class=\"wp-block-image size-large\"><img loading=\"lazy\" decoding=\"async\" width=\"1440\" height=\"648\" data-id=\"1307\" src=\"https:\/\/www.museolacavada.es\/wp-content\/uploads\/2022\/08\/IMG-20220811-WA0024.jpg\" alt=\"\" class=\"wp-image-1307\" srcset=\"https:\/\/www.museolacavada.es\/wp-content\/uploads\/2022\/08\/IMG-20220811-WA0024.jpg 1440w, https:\/\/www.museolacavada.es\/wp-content\/uploads\/2022\/08\/IMG-20220811-WA0024-300x135.jpg 300w, https:\/\/www.museolacavada.es\/wp-content\/uploads\/2022\/08\/IMG-20220811-WA0024-1024x461.jpg 1024w, https:\/\/www.museolacavada.es\/wp-content\/uploads\/2022\/08\/IMG-20220811-WA0024-768x346.jpg 768w\" sizes=\"auto, (max-width: 1440px) 100vw, 1440px\" \/><\/figure>\n\n\n\n<figure class=\"wp-block-image size-large\"><img loading=\"lazy\" decoding=\"async\" width=\"648\" height=\"1440\" data-id=\"1308\" src=\"https:\/\/www.museolacavada.es\/wp-content\/uploads\/2022\/08\/IMG-20220811-WA0025.jpg\" alt=\"\" class=\"wp-image-1308\" srcset=\"https:\/\/www.museolacavada.es\/wp-content\/uploads\/2022\/08\/IMG-20220811-WA0025.jpg 648w, https:\/\/www.museolacavada.es\/wp-content\/uploads\/2022\/08\/IMG-20220811-WA0025-135x300.jpg 135w, https:\/\/www.museolacavada.es\/wp-content\/uploads\/2022\/08\/IMG-20220811-WA0025-461x1024.jpg 461w\" sizes=\"auto, (max-width: 648px) 100vw, 648px\" \/><\/figure>\n\n\n\n<figure class=\"wp-block-image size-large\"><img loading=\"lazy\" decoding=\"async\" width=\"1440\" height=\"648\" data-id=\"1309\" src=\"https:\/\/www.museolacavada.es\/wp-content\/uploads\/2022\/08\/IMG-20220811-WA0023.jpg\" alt=\"\" class=\"wp-image-1309\" srcset=\"https:\/\/www.museolacavada.es\/wp-content\/uploads\/2022\/08\/IMG-20220811-WA0023.jpg 1440w, https:\/\/www.museolacavada.es\/wp-content\/uploads\/2022\/08\/IMG-20220811-WA0023-300x135.jpg 300w, https:\/\/www.museolacavada.es\/wp-content\/uploads\/2022\/08\/IMG-20220811-WA0023-1024x461.jpg 1024w, https:\/\/www.museolacavada.es\/wp-content\/uploads\/2022\/08\/IMG-20220811-WA0023-768x346.jpg 768w\" sizes=\"auto, (max-width: 1440px) 100vw, 1440px\" \/><\/figure>\n<\/figure>\n\n\n\n<p>5\u00aa conferencia. <strong>Coronel D. Jos\u00e9 Luis Calvo Albero<\/strong> y \u00abLecciones militares de la guerra en Ucrania\u00bb<\/p>\n\n\n\n<figure class=\"wp-block-embed is-type-video is-provider-youtube wp-block-embed-youtube wp-embed-aspect-16-9 wp-has-aspect-ratio\"><div class=\"wp-block-embed__wrapper\">\n<iframe loading=\"lazy\" title=\"Conferencia D. Jos\u00e9 Luis Calvo Albero. Viernes 12-8-2022\" width=\"500\" height=\"281\" src=\"https:\/\/www.youtube.com\/embed\/HqVs77fR0mM?feature=oembed\" frameborder=\"0\" allow=\"accelerometer; autoplay; clipboard-write; encrypted-media; gyroscope; picture-in-picture; web-share\" referrerpolicy=\"strict-origin-when-cross-origin\" allowfullscreen><\/iframe>\n<\/div><\/figure>\n\n\n\n<figure class=\"wp-block-gallery has-nested-images columns-default is-cropped wp-block-gallery-5 is-layout-flex wp-block-gallery-is-layout-flex\">\n<figure class=\"wp-block-image size-large\"><img loading=\"lazy\" decoding=\"async\" width=\"648\" height=\"1440\" data-id=\"1311\" src=\"https:\/\/www.museolacavada.es\/wp-content\/uploads\/2022\/08\/IMG-20220812-WA0047.jpg\" alt=\"\" class=\"wp-image-1311\" srcset=\"https:\/\/www.museolacavada.es\/wp-content\/uploads\/2022\/08\/IMG-20220812-WA0047.jpg 648w, https:\/\/www.museolacavada.es\/wp-content\/uploads\/2022\/08\/IMG-20220812-WA0047-135x300.jpg 135w, https:\/\/www.museolacavada.es\/wp-content\/uploads\/2022\/08\/IMG-20220812-WA0047-461x1024.jpg 461w\" sizes=\"auto, (max-width: 648px) 100vw, 648px\" \/><\/figure>\n\n\n\n<figure class=\"wp-block-image size-large\"><img loading=\"lazy\" decoding=\"async\" width=\"648\" height=\"1440\" data-id=\"1312\" src=\"https:\/\/www.museolacavada.es\/wp-content\/uploads\/2022\/08\/IMG-20220812-WA0051.jpg\" alt=\"\" class=\"wp-image-1312\" srcset=\"https:\/\/www.museolacavada.es\/wp-content\/uploads\/2022\/08\/IMG-20220812-WA0051.jpg 648w, https:\/\/www.museolacavada.es\/wp-content\/uploads\/2022\/08\/IMG-20220812-WA0051-135x300.jpg 135w, https:\/\/www.museolacavada.es\/wp-content\/uploads\/2022\/08\/IMG-20220812-WA0051-461x1024.jpg 461w\" sizes=\"auto, (max-width: 648px) 100vw, 648px\" \/><\/figure>\n\n\n\n<figure class=\"wp-block-image size-large\"><img loading=\"lazy\" decoding=\"async\" width=\"648\" height=\"1440\" data-id=\"1313\" src=\"https:\/\/www.museolacavada.es\/wp-content\/uploads\/2022\/08\/IMG-20220812-WA0049.jpg\" alt=\"\" class=\"wp-image-1313\" srcset=\"https:\/\/www.museolacavada.es\/wp-content\/uploads\/2022\/08\/IMG-20220812-WA0049.jpg 648w, https:\/\/www.museolacavada.es\/wp-content\/uploads\/2022\/08\/IMG-20220812-WA0049-135x300.jpg 135w, https:\/\/www.museolacavada.es\/wp-content\/uploads\/2022\/08\/IMG-20220812-WA0049-461x1024.jpg 461w\" sizes=\"auto, (max-width: 648px) 100vw, 648px\" \/><\/figure>\n\n\n\n<figure class=\"wp-block-image size-large\"><img loading=\"lazy\" decoding=\"async\" width=\"1440\" height=\"648\" data-id=\"1314\" src=\"https:\/\/www.museolacavada.es\/wp-content\/uploads\/2022\/08\/IMG-20220812-WA0048.jpg\" alt=\"\" class=\"wp-image-1314\" srcset=\"https:\/\/www.museolacavada.es\/wp-content\/uploads\/2022\/08\/IMG-20220812-WA0048.jpg 1440w, https:\/\/www.museolacavada.es\/wp-content\/uploads\/2022\/08\/IMG-20220812-WA0048-300x135.jpg 300w, https:\/\/www.museolacavada.es\/wp-content\/uploads\/2022\/08\/IMG-20220812-WA0048-1024x461.jpg 1024w, https:\/\/www.museolacavada.es\/wp-content\/uploads\/2022\/08\/IMG-20220812-WA0048-768x346.jpg 768w\" sizes=\"auto, (max-width: 1440px) 100vw, 1440px\" \/><\/figure>\n\n\n\n<figure class=\"wp-block-image size-large\"><img loading=\"lazy\" decoding=\"async\" width=\"1137\" height=\"1600\" data-id=\"1315\" src=\"https:\/\/www.museolacavada.es\/wp-content\/uploads\/2022\/08\/IMG-20220812-WA0050.jpg\" alt=\"\" class=\"wp-image-1315\" srcset=\"https:\/\/www.museolacavada.es\/wp-content\/uploads\/2022\/08\/IMG-20220812-WA0050.jpg 1137w, https:\/\/www.museolacavada.es\/wp-content\/uploads\/2022\/08\/IMG-20220812-WA0050-213x300.jpg 213w, https:\/\/www.museolacavada.es\/wp-content\/uploads\/2022\/08\/IMG-20220812-WA0050-728x1024.jpg 728w, https:\/\/www.museolacavada.es\/wp-content\/uploads\/2022\/08\/IMG-20220812-WA0050-768x1081.jpg 768w, https:\/\/www.museolacavada.es\/wp-content\/uploads\/2022\/08\/IMG-20220812-WA0050-1092x1536.jpg 1092w\" sizes=\"auto, (max-width: 1137px) 100vw, 1137px\" \/><\/figure>\n<\/figure>\n","protected":false},"excerpt":{"rendered":"<p>El programa del Ciclo de Conferencias de este a\u00f1o se llevar\u00e1 a cabo del 8 al 12 de agosto. Todas las ponencias se celebraran a partir de las 20.00h en el museo. 1\u00aa conferencia.&nbsp;Do\u00f1a Josefa Mart\u00ed Solano&nbsp;\u2013 \u00abNaufragios de Trafalgar an\u00e1lisis y estudios arqueol\u00f3gicos de las piezas de artiller\u00eda\u00bb. 2\u00aa conferencia.&nbsp;D. Luis Jar Torre&nbsp;\u2013 \u00abUna [&hellip;]<\/p>\n","protected":false},"author":1,"featured_media":0,"parent":0,"menu_order":0,"comment_status":"closed","ping_status":"closed","template":"","meta":{"footnotes":""},"class_list":["post-1288","page","type-page","status-publish","hentry"],"_links":{"self":[{"href":"https:\/\/www.museolacavada.es\/index.php\/wp-json\/wp\/v2\/pages\/1288","targetHints":{"allow":["GET"]}}],"collection":[{"href":"https:\/\/www.museolacavada.es\/index.php\/wp-json\/wp\/v2\/pages"}],"about":[{"href":"https:\/\/www.museolacavada.es\/index.php\/wp-json\/wp\/v2\/types\/page"}],"author":[{"embeddable":true,"href":"https:\/\/www.museolacavada.es\/index.php\/wp-json\/wp\/v2\/users\/1"}],"replies":[{"embeddable":true,"href":"https:\/\/www.museolacavada.es\/index.php\/wp-json\/wp\/v2\/comments?post=1288"}],"version-history":[{"count":17,"href":"https:\/\/www.museolacavada.es\/index.php\/wp-json\/wp\/v2\/pages\/1288\/revisions"}],"predecessor-version":[{"id":1639,"href":"https:\/\/www.museolacavada.es\/index.php\/wp-json\/wp\/v2\/pages\/1288\/revisions\/1639"}],"wp:attachment":[{"href":"https:\/\/www.museolacavada.es\/index.php\/wp-json\/wp\/v2\/media?parent=1288"}],"curies":[{"name":"wp","href":"https:\/\/api.w.org\/{rel}","templated":true}]}}